 -1 + 73 + (39 - 115)?
15
(82 - 47) + (202 - 289)
-52
What is (14 - 6) + -16 + (-21 + -6 - 6)?
-41
What is (117 - (-30 + 82)) + -16?
49
What is the value of (13 - (-5 + 11)) + -4 + -16?
-13
Evaluate 100 - (-98 + 81 + 95).
22
Calculate -8 - ((24 - 192) + 14 + 30 + -5).
121
Evaluate (-1 - 11) + (1 + 14 - (22 - 22)).
3
What is the value of -26 + (15 - -1) - (23 - (-4 - -10)) - 11?
-38
590 - 572 - ((1 - 0) + -5)
22
Evaluate 127 + -149 - (1 - 54).
31
(-21 - -5) + 11 + 44 + (-22 - -10)
27
What is 339 - 283 - (1 - 10) - (-2 - 15)?
82
Calculate -11 - (-4 - ((-2 - 9) + (-28 - -91))).
45
-77 + (2 + -23 + 0 - (-112 + 97))
-83
Calculate -43 + -40 + 39 + 4.
-40
Evaluate 136 + 2 - (83 - (-44 - -37) - 65).
113
What is (-28 - (1 + 1)) + (38 + -60 - 4) + 21?
-35
What is the value of (0 - 0) + -162 + 116 + 28?
-18
Calculate (4 - (-3 - (-1 + -3 - 2))) + (-435 - -439).
5
What is the value of (-2 + -1 - 7) + (-43 + 126 - 12)?
61
What is the value of -46 + (-22 - (-6 - 22)) + -74?
-114
(1 - 1) + (12 + -16 - -24) + 41
61
Calculate 3 + -4 - ((17 + -6 - -34) + -8).
-38
0 - (-4 + 0 + 32 + -15)
-13
Calculate 12 + -139 + 42 + 10 - (0 - -18).
-93
What is -5908 - -5813 - (-1 - 46)?
-48
Evaluate -72 - (-29 - -88 - 68).
-63
What is (18 - 33) + (1 - -33) + 30?
49
What is -54 - ((-1 - -2) + -12 - -13)?
-56
Evaluate (15 - 21) + (19 + -26 - -26 - (-4 - 2)).
19
Calculate 14 - (16 + -3) - (-56 - (-12 + 14)).
59
What is the value of 2 + 3 + 2 + 14 + -27 + 78?
72
What is the value of (-3 - 26) + (1681 - 1611)?
41
What is -2 - -1 - -3 - (38 + (-11 - -7) + -5)?
-27
What is the value of 3 - 19 - (-41 - (-46 + -55))?
-76
What is the value of (2 - (36 - (9 - -10))) + 57?
42
What is the value of 44 - 234 - -260 - (-2 - (0 + 0))?
72
Calculate -23 - (2 + (-10 - 6)) - (27 - (3 + -4)).
-37
Evaluate 44 - (-5 - (-3 - 3) - (-39 + 36)).
40
Evaluate 118 - -1 - (10972 + -10736).
-117
What is -12 + 11 + -2 + -31 + 17 + -11?
-28
-50 + -2 + (-19 - (10 - 22)) + 7
-52
What is the value of -2 + -103 - (20 - 184)?
59
Evaluate 5 + 68 + -44 - 48.
-19
What is the value of 85 + 1 + -619 + 562?
29
Evaluate -45 + 31 + (39 - 82).
-57
What is the value of -28 + 23 + -109 + 157?
43
Calculate -10 - (-25 - 17 - (1 - 0)) - -3 - -5.
41
What is -50 + 2 - (-947 - -933) - 42?
-76
What is the value of -18 - ((-1 - (-11 + 17)) + 15) - 128?
-154
12 + (17 - (-38 - -29)) - 28
10
What is 38 + -6 - ((0 - -1 - 5) + 491 + -487)?
32
What is 4 + -23 + (-205 - -182) + -1 + 14?
-29
What is the value of 25 - 57 - (-53 + -2)?
23
What is the value of (-86 - -20 - -145) + (-11 - 3)?
65
What is (29 - (30 + -26 - -56)) + -30?
-61
What is the value of -23 - (-68 - (10 - 19) - 3)?
39
1 - (-109 + (19 - -11)) - (3 - -14)
63
Evaluate (-5 - (-5 - 27) - (646 - 631)) + 1 + -2.
11
What is 41 + (36 - (-25 + 208 + 30))?
-136
What is the value of (-8 - -2) + -24 + (44 - 48)?
-34
What is the value of 14 + -53 + 201 + -169 - (-1 + -42)?
36
Evaluate (-7 - -101) + -21 + 11 + -2 - (-14 + 25).
71
Evaluate 3 - (7 + -23 + 3 - (-105 + (-19 - -9))).
-99
What is 162 + -185 + 10 + -13 + 10 + -1?
-17
56 - 22 - 10 - 39
-15
Evaluate -23 + 12 + 4 + (-3 + -4 - -5) + 13.
4
What is 44 + (14 - 26) + -93 + 123?
62
Calculate 6 + (-46 + 26 - (-11 + -2)).
-1
What is 19 - (-14 + (51 - (6 - 16)))?
-28
Evaluate -107 + (-16 - -30) + -23 + (4 - -4) + 12.
-96
Calculate -4 + 2 + 24 + 4 + -13 + -15.
-2
What is -4 + -4 + 2 + -125 + 108?
-23
Calculate -24 + 1 - (-8 - (11 + -32 + 14)).
-22
Evaluate -4 + (0 + -3 - (240 + -248) - 67).
-66
Calculate (2 - (21 + -14) - (5 + -15)) + 17.
22
Calculate 6 - (-55 + 90 - 62).
33
Evaluate (-25 - (-9 - 1)) + 14 + 2 + 3 + -12.
-8
What is (-4 - (12 - (-5 - -9))) + 33 - -8?
29
-598 - -571 - (8 + (7 - 3)) - -12
-27
Evaluate (0 - (31 + 7)) + 0 + -9.
-47
-48 + -15 + 54 + -3
-12
-5 + 4 + -13 + (20 - 31)
-25
(-5 - -4) + 32 - (-123 - -114)
40
What is (15 - (-5 + (-1 - (4 - 0)))) + -11?
14
Evaluate 27 - (-4 - 75 - -53).
53
Calculate -32 - (31 - (39 - 5)) - 37.
-66
Calculate -115 - (15 - (21 - 4 - -15)).
-98
Evaluate (16 - (1 + -52)) + 17 + (3 - -4).
91
What is -13 + -29 + 39 + 11?
8
What is the value of (-1 - -10) + (171 - 37) + -95?
48
-15 + (-4 + (13 - 4) - (-4 + 0))
-6
Evaluate 4 + 63 + 8 + -2 - (31 - (-21 + 44)).
65
What is (-62 - -32) + 11 + (2 - -1) + 1?
-15
What is (30 - (-3 + (-36 - 23))) + -34?
58
(-31 - 37) + -4 + -16 + 19
-69
What is the value of -29 + (3 - -1) + (-22 - -24) + -11?
-34
Calculate (179 - 77) + -58 + -21.
23
Calculate 89 + -172 + 73 - (30 + 2).
-42
(31 + 0 - (514 + -530)) + 0
47
What is the value of -3 + -7 + (1 - 3) + (7 - -10) - -38?
43
Evaluate (-51 + -9 + 22 - 4) + 5.
-37
Calculate 102 + -93 + (69 - (38 - 13)).
53
What is -5 + 11 + 40 + -44 - -2?
4
(0 - -1) + (0 + (-4 - -5) + 6 - -24)
32
What is the value of -3 - (14 + (-36 - -15) - -10) - (-9 - -1)?
2
What is 5 + 19 - (-11 - -1) - (-17 - -6)?
45
What is the value of 35 - ((14 - 2) + 11)?
12
Evaluate -9 + -2 + 1 + (-93303 - -93347).
34
What is -26 - ((-64 - -20) + 41)?
-23
What is the value of (-1 - -12) + (-71 + 109 + -51 - (1 - 2))?
-1
(3 - 8) + 2 + 0 + (49 - 63 - 38)
-55
Evaluate -10 - -8 - (100 - (-69 - -59)).
-112
Evaluate 35 + (-61 - 33) - -38.
-21
What is 9 - (-11 - (18 + -5 - 14)) - (0 - 1)?
20
Calculate -29 - (-45 - (70 - 20)).
66
What is the value of 37 - (-2 + (-1 - (1 + -3)) + -8 + 14)?
32
Evaluate 21 + (-16 - 3) + (67 + -5 - (5 + 1)).
58
(26 + -7 + -11 - 28) + 91
71
Evaluate -2 - -18 - (-380 - -397) - (1 - -26).
-28
(-143 - -125) + 5 + (-11 - -1)
-23
What is the value of -31 + 92 - -30 - 63?
28
-1840 + 1873 - (128 + 5 + -5)
-95
What is (43 + -59 - -80) + -14?
50
What is the value of 33 + -4 + (-49 - -34) - -70?
84
Calculate 28 + -38 + -57 - -31.
-36
-1790 + 1671 - (-3 - -8)
-124
-136 + 160 - (-15 + (9 + -1 - 4))
35
What is -1840 + 1855 + (-86 - -4) + -1?
-68
Calculate -50 - ((-32 - -47) + -116).
51
Evaluate -6 + 35 + (7 - 34) + 27.
29
(-123 - -118) + (-13 - -4)
-14
(-1 + -13 - (22 - 78)) + -14
28
Evaluate -28 + 6 + -1 - 3 - -6.
-20
Evaluate (109 - 90) + (-7 - 40) - -25.
-3
What is the value of -29 - (-341 + 270 - (-14 - 1))?
27
What is the value of (0 - -2 - 16 - (19 - (41 + -13))) + -61?
-66
What is the value of (7385 - 7386) + (-16 - (-1 - (-2 + -1) - 0))?
-19
What is 52 - (-9 + 56) - (3 - (-7 + 4 + 4))?
3
What is the value of 2 + -10 + (18 - 12 - -11 - -34)?
43
Calculate 74 + -55 - 25 - -38.
32
22 + -38 + -8 + 46 + -13
9
Evaluate (-25 - 10) + (-3 - -66).
28
Evaluate -153 - (2 - 23 - ((39 - 50) + 11)).
-132
Evaluate (9 - 1) + 7 + (12 - (1 - -14)) + 118.
130
What is 6024 - 6033 - (-37 - 1)?
29
What is -28 + 20 + 71 + -102?
-39
Evaluate -11 + 1 + (3 - 16) + 18 + -2.
-7
(20 + -3 - -6) + 13 + (-14 - 2)
20
Evaluate 193 + -84 + -100 + 28.
37
23 + (15 - (26 - 19) - 3)
28
Calculate (-36 - (-12 + 2) - -14) + 15 - (15 + -1).
-11
Calculate 242 + -203 - (90 - -30).
-81
What is (86 - 1) + 0 - (-217 + 130 + 101)?
71
What is the value of -45 - (41 - (74 + 24))?
12
-807 + 809 - ((-2 - 3) + -5 + 2 + 0)
10
Calculate -17 + (21 - (34 - 15) - -91).
76
Calculate 35 + -86 + 48 - -40.
37
Calculate -7 - -12 - (2 - -2) - (-36 - -2 - 0).
35
-108 + -27 + 33 + -18 + 7 - (2 - 12)
-103
Calculate (-51 + 13 - -98) + -41.
19
What is the value of -1 - -11 - (-26 + (-251 - -304))?
-17
Evaluate 132 + -2 + -13 + (-23 + 21 - -14).
129
-23 + 113 + -67 + (-51 - -2)
-26
Calculate 7 - (36 - (-12 - 22)).
-63
11 + (21 - 18) + 31 + -5
40
Calculate 18 - (-36 + (-5 - -19) - 6).
46
What is the value of -107 + (81 - -275) + -127?
122
What is the value of (7 - 1) + 363 + -374 + -39 + -2?
-46
-23 + -13 + 31 + 4 + -22 + 0
-23
What is the value of -15 + (-5 - -46) + (10 - 41)?
-5
What is the value of 6 + (-12 - -19 - (-8 + 39)) + 108?
90
What is the value of -27 + -28 + (-408 - -380)?
-83
(-23 + -32 - -9 - 20) + 12 + -1
-55
What is the value of (-96 - -111) + (-32 - -21 - -37)?
41
Evaluate -133 + 12 + (2048 - 2053).
-126
What is the value of -4 + 60 + -2 + (-29 - 27 - -64)?
62
What is the value of 0 + -21 - (7757 + -7760)?
-18
What is 205 - 128 - -35 - (1 - -33)?
78
What is the value of -239 + -97 - -237 - (2 - -41)?
-142
Evaluate 41 - (6 + 23 - (23 - -10 - 18)).
27
Calculate (0 - 3) + -1 + -71 + 10 + 14 + -13.
-64
Calculate -101 + 129 - (30 - 12) - (0 + -1 - 13).
24
Calculate 5 + 1 + -1597 + 1594.
3
What is the v